number?
False
Suppose -3*o - 2*o + 5016 = 2*h, 0 = -3*o + 12. Is h prime?
False
Let k = -5105 + 47232. Is k prime?
False
Let g(y) = 5832*y + 73. Is g(8) a prime number?
False
Let k = 1643 + -1071. Suppose -2*s + u = -1159, s = -4*u + 7*u + k. Is s composite?
True
Suppose -m + 4*m = 0, 5*m = 3*d - 9. Suppose 2*h - h = d. Suppose -h*s = v - 5*v - 155, 208 = 4*s - 4*v. Is s a composite number?
False
Let p = 33713 - 20977. Suppose -10043 = -9*a + p. Is a a composite number?
False
Let g(o) = 19*o + 52*o**2 + 13 - 14 - 32 - 31. Is g(7) a prime number?
True
Suppose 0*a + 717 = -a. Let v = -326 - a. Is v a prime number?
False
Let s = -4 - -4. Suppose 2*r - 4*o - 438 = s, 5*r + 3*o - 1047 = o. Is r prime?
True
Suppose 784 - 14245 = -4*u - 3*r, 2*u = -2*r + 6728. Suppose -2*h = -u - 2227. Is h composite?
True
Let n = -49 + 43. Is 0/(-1) - 2343/n*2 a prime number?
False
Suppose 9*s - 5*s = 10256. Is 5*5/100*s/1 composite?
False
Suppose -20*n = 51*n - 812453. Is n composite?
False
Let u = 2234 - 1018. Suppose 2*b - u = -498. Is b a prime number?
True
Is 4109 - -78 - 4/1 a prime number?
False
Let r(o) = -34*o + 3. Let b be r(12). Let l be 4/(-1) - (18 - b). Is 4/(-10) - l/5 composite?
True
Suppose w - 11 - 1 = 0. Suppose -w + 177 = 3*u. Is u a prime number?
False
Suppose -2*f + 5*i = -436, 5*f - 4*i - 299 - 808 = 0. Let d = f - -312. Is d a prime number?
False
Suppose r = -4*o + 151791, -5*o - r - 920 + 190660 = 0. Is o prime?
False
Suppose -21*c = -16*c. Suppose c = 4*f - 11*f + 21. Suppose 0*r = f*r - 1893. Is r a prime number?
True
Suppose -3*n + 2*z + 179923 = 0, 59969 = n - 27*z + 29*z. Is n a composite number?
True
Let v(c) = 128*c + 9. Is v(4) prime?
True
Let b be 3*2/3 + 215. Let q = b - -420. Suppose -q = -5*f - 2. Is f a prime number?
True
Let a = -59 - -119. Let d = a - 41. Is d a composite number?
False
Let k = -7648 + 20145. Is k a prime number?
True
Suppose 3*u - 7*u = 3112. Let m(l) = -8*l**2 - 20*l + 79. Let q be m(13). Let v = u - q. Is v a prime number?
False
Suppose 5*a + 208 = -4*u, -3*u - 60 = -3*a + 69. Let c = -15 - -2. Let r = c - u. Is r prime?
False
Let m(g) = 638*g - 97. Is m(9) composite?
True
Let z be 10/3*((-12)/(-10) - 0). Suppose 5*f + 5*u = 248 + 662, 185 = f + z*u. Is f a prime number?
True
Suppose -2*g + 10 = -10. Suppose 0 = -2*z - n + g - 3, -3*z + 18 = 4*n. Suppose -z*q + 0 = -758. Is q prime?
True
Let p(g) = g**3 + 7*g**2 - 6*g - 2. Let l be p(-7). Suppose 37*j + 105 = l*j. Is j prime?
False
Let t = -11116 - -22163. Is t a prime number?
True
Let v(a) = 5*a - 5. Let l be v(3). Suppose -2*t + 5*k = -144, l + 0 = 5*k. Suppose f = t + 86. Is f prime?
True
Let l = -1112 + 8670. Is l prime?
False
Let k be (-4)/14 - 242/(-14). Suppose s = a + 1, -s - 6 = 3*a + k. Is (9/a)/((-6)/28) composite?
False
Is 4/(-10) - (18510/(-25) + -3) composite?
False
Let o = 610 - 357. Is o composite?
True
Let p be -3 - 0 - (9 + -15). Suppose -5*i + 0*i - 140 = -2*x, 0 = 5*x - p*i - 312. Is ((-5064)/x)/((-4)/10) prime?
True
Let t = -4908 + 15881. Is t prime?
True
Let m = -7 + -9. Let n = -7 - m. Suppose -3*a + 120 = n. Is a composite?
False
Suppose 0 = -12*p + 2938 + 144602. Is p composite?
True
Let g = 1394 - 307. Is g a prime number?
True
Suppose -8 = 2*k - 5*q, 5*k - 20 = 2*q + 2. Is 6/(-4)*(380/k)/(-5) a prime number?
True
Let j = -36 - -20. Let c = j + 18. Suppose -4*a - 203 = -x, c*x + 194 = 3*x - a. Is x composite?
False
Suppose 1274 = 3*d - z - 65, -3*d + 4*z + 1333 = 0. Is d prime?
False
Let m(o) = 54*o**2 - 3*o - 7. Is m(-4) prime?
False
Let v(c) = -c**3 - 9*c**2 - 9*c - 2. Let g be v(-8). Let z be 3 + g/(-2) - 6088. Is z/(-48) - (-1)/6 a prime number?
True
Is 4828 + -1 + 67 + -72 a composite number?
True
Let t = -7579 - -19088. Is t a prime number?
False
Suppose -5*o - j = 2*j - 36, -2*j = -4. Let d be (-280)/o - (-4)/(-3). Let b = d + 301. Is b a prime number?
False
Suppose -55 = 5*p + 5*a, 2*p - 5 + 25 = -3*a. Let i = -8 - p. Suppose 3*v + l - 107 = 0, i*v + 0*l - 5*l - 205 = 0. Is v a prime number?
True
Suppose 12*s + 8 = 14*s, 5120 = 4*z - 2*s. Is z prime?
False
Let y = 263 - 46. Let s = y + -90. Is s composite?
False
Let g(n) = n**2 - 2*n. Let c(x) = -3*x**3 - 16*x**2 + 16*x + 19. Let h(w) = -c(w) - 4*g(w). Is h(8) a prime number?
True
Is 5*((-29616)/(-15) + 5) composite?
True
Let l = 16694 - 24572. Let o be l/(-2)*3/9. Suppose o = 4*t + 5*b - 4*b, -4*t + 3*b = -1325. Is t composite?
True
Let n be -2 + 2 - (-9)/(-1). Let x(q) = -q**2 - 8*q + 3. Let r be x(n). Is (57/r - -1)*-6 a composite number?
True
Let j = 3 - 0. Suppose 8*c = j*c + 1365. Suppose -3*o + c = 114. Is o composite?
False
Suppose 10*u - 9*u = 30. Let y = u - 9. Suppose 1609 = 5*r - y. Is r prime?
False
Let b be ((-30)/(-105))/(2/42). Suppose -288 = -5*x - 7*i + b*i, 4*x + 2*i = 228. Is x a prime number?
False
Suppose 4648 = -6*v - 4328. Let l = v - -2173. Is l a prime number?
True
Let z = -676 + 3165. Is z a composite number?
True
Let r(n) = 92*n**2 - 3*n - 9. Let q be r(-5). Suppose -15*s = -859 - q. Is s prime?
True
Is (1 + (0 - 2))/(1/(-3761)) a composite number?
False
Let h = -62 + 3849. Is h prime?
False
Suppose -8*k + 0*k = -46560. Suppose 7*p = k + 14375. Is p composite?
True
Let q = 7 + -16. Let h = q + 11. Suppose -3*y = 2*y + h*z - 261, 15 = 5*z. Is y a prime number?
False
Let c(p) = -8 - 6*p**3 + 5*p + 2*p**2 - 3*p**2 + 89*p**3. Is c(5) prime?
False
Let c be -1*2*((-4146)/4 + -2). Let v = c - 1004. Is v a composite number?
True
Let w = -8 + 19. Let h(u) = -7*u - w*u + 0 - 1. Is h(-2) composite?
True
Let y be (-4)/16 - 1/(16/(-20)). Is 14 - 11 - (-1935 - (-2 + y)) prime?
False
Let c = 11 + -14. Let d be (-118)/(-12) - c/18. Let u(x) = x**3 - 8*x**2 - 15*x + 9. Is u(d) composite?
False
Is 2 + 18/63 + (-263649)/(-21) prime?
False
Is 3/(3/8048) + -2 + 3 a prime number?
False
Let i(u) = -2*u**3 - 11*u**2 + 3*u + 25. Is i(-12) prime?
True
Let v(s) = -s**3 - 5*s**2 + 11*s - 7. Let m be v(-6). Suppose 4*n + 124 = 4*g - 128, 2*g = -5*n + 161. Let o = g + m. Is o composite?
False
Let t be (-7)/(63/(-1698))*3. Suppose -y + 2003 - t = 0. Is y a prime number?
False
Let n(c) = -c**3 + 47*c**2 + 36*c + 33. Is n(45) prime?
False
Let r = -6 + 9. Suppose r = -w + 2*w. Suppose -w*z - 78 = 5*t - 252, 2*z + 93 = 3*t. Is t composite?
True
Let a(g) = -369*g - 8. Let n be a(-1). Let v = n + 2374. Is v prime?
False
Let g = -20196 + 58391. Is g prime?
False
Let x(w) = -57*w + 4. Let k be x(-3). Suppose -3*p = -6, p - 4*p = 4*h - 286. Suppose -k - h = -5*m. Is m prime?
False
Let m(r) = -12*r**3 - 3*r**2 - 4. Let c be m(4). Let g = c + 1691. Is g prime?
False
Let s(y) = -18*y - 1. Let q be s(-8). Suppose -q = -a + 51. Is a a composite number?
True
Let t(k) = 14*k**3 - k**2 + 5*k - 2. Let h be t(2). Let n = h + 162. Is n prime?
False
Suppose 2*r - 5*d - 126456 = 55310, -4*r + 363532 = 3*d. Is r composite?
True
Let n(w) = -12*w + 2. Let x be n(-2). Suppose -x = 5*t + 19. Is 2/t + 8015/63 a prime number?
True
Suppose 1832 = -2*c + 5838. Suppose 4*d = -c + 7587. Let f = d + -965. Is f composite?
False
Let f(u) = -67*u + 10. Suppose -4*a + 50 = 3*i - i, 10 = -i + 5*a. Let l = 8 - i. Is f(l) prime?
True
Let v be ((-2)/(-4))/((-5)/(-30)). Suppose 0 = 3*j + b - 2289, j + v*b - 6*b - 773 = 0. Suppose 0*k = 4*k - j. Is k composite?
False
Let u = -367 - -381. Let x(b) be the third derivative of 23*b**4/12 - 7*b**3/2 - 2*b**2. Is x(u) composite?
True
Suppose 31136 - 108950 = -2*p + 4*v, 5*p - 194600 = -3*v. Is p a prime number?
True
Suppose -48*v + 6 = -50*v. Is (v + 4)*(-533)/(-1) a composite number?
True
Let i be -4010 + (-1 + 4 - 4). Is i/(-42)*(0 - -2) prime?
True
Let r be (-44)/(-6) + 4/6. Let v = 13 + r. Let h = v + 10. Is h a prime number?
True
Suppose 0*h - 2*h = -38. Let m = h + -13. Suppose m*w - 2*w = 5*l - 577, -2*l = -w - 229. Is l prime?
True
Suppose 5*c = 10, -5*w + 14 = c - 8. Suppose -2*m + 3*m = -5*l + 1006, -4*m = -w*l + 800. Suppose 4*z - l = z. Is z composite?
False
Suppose 13079 = -5*a + 35759. Let b = -2599 + a. Is b a composite number?
True
Let m = 3112 - 1219. Is m prime?
False
Let a(r) = r - 8. Let k be a(7). Let b be (-16)/6*(19 + k). Is ((-35)/3)/(16/b) a composite number?
True
Suppose h = 6*h - 5*w - 80, -10 = -5*w. Suppose 15*k = h*k - 1137. Is k a composite 